{"id":224,"date":"2022-02-05T10:41:26","date_gmt":"2022-02-05T10:41:26","guid":{"rendered":"https:\/\/www.radio-otok-krk.hr\/wptmp\/?page_id=224"},"modified":"2026-04-22T09:52:42","modified_gmt":"2026-04-22T08:52:42","slug":"dokumenti","status":"publish","type":"page","link":"https:\/\/www.radio-otok-krk.hr\/wptmp\/dokumenti\/","title":{"rendered":"Dokumenti"},"content":{"rendered":"\t\t<div data-elementor-type=\"wp-page\" data-elementor-id=\"224\" class=\"elementor elementor-224\">\n\t\t\t\t\t\t<section class=\"elementor-section elementor-top-section elementor-element elementor-element-676e64e elementor-section-boxed elementor-section-height-default elementor-section-height-default\" data-id=\"676e64e\" data-element_type=\"section\" data-e-type=\"section\">\n\t\t\t\t\t\t<div class=\"elementor-container elementor-column-gap-default\">\n\t\t\t\t\t<div class=\"elementor-column elementor-col-100 elementor-top-column elementor-element elementor-element-6321f23\" data-id=\"6321f23\" data-element_type=\"column\" data-e-type=\"column\">\n\t\t\t<div class=\"elementor-widget-wrap elementor-element-populated\">\n\t\t\t\t\t\t<div class=\"elementor-element elementor-element-2ef79a5 elementor-widget elementor-widget-toggle\" data-id=\"2ef79a5\" data-element_type=\"widget\" data-e-type=\"widget\" data-widget_type=\"toggle.default\">\n\t\t\t\t<div class=\"elementor-widget-container\">\n\t\t\t\t\t\t\t<div class=\"elementor-toggle\">\n\t\t\t\t\t\t\t<div class=\"elementor-toggle-item\">\n\t\t\t\t\t<div id=\"elementor-tab-title-4921\" class=\"elementor-tab-title\" data-tab=\"1\" role=\"button\" aria-controls=\"elementor-tab-content-4921\" aria-expanded=\"false\">\n\t\t\t\t\t\t\t\t\t\t\t\t<span class=\"elementor-toggle-icon elementor-toggle-icon-left\" aria-hidden=\"true\">\n\t\t\t\t\t\t\t\t\t\t\t\t\t\t\t<span class=\"elementor-toggle-icon-closed\"><i class=\"fas fa-caret-right\"><\/i><\/span>\n\t\t\t\t\t\t\t\t<span class=\"elementor-toggle-icon-opened\"><i class=\"elementor-toggle-icon-opened fas fa-caret-up\"><\/i><\/span>\n\t\t\t\t\t\t\t\t\t\t\t\t\t<\/span>\n\t\t\t\t\t\t\t\t\t\t\t\t<a class=\"elementor-toggle-title\" tabindex=\"0\">2026.<\/a>\n\t\t\t\t\t<\/div>\n\n\t\t\t\t\t<div id=\"elementor-tab-content-4921\" class=\"elementor-tab-content elementor-clearfix\" data-tab=\"1\" role=\"region\" aria-labelledby=\"elementor-tab-title-4921\"><ul><li><a href=\"https:\/\/www.radio-otok-krk.hr\/wptmp\/wp-content\/uploads\/2022\/02\/Prihodi-i-troskovi-2023.-2024.-i-2025.-godina.pdf\">Financijski pregled realizacije za 2023., 2024. i 2025.<\/a><\/li><li><a href=\"https:\/\/www.radio-otok-krk.hr\/wptmp\/wp-content\/uploads\/2022\/02\/PPI-Godisnje-izvjesce-za-2025.pdf\">PPI &#8211; Godi\u0161nje izvje\u0161\u0107e za 2025<\/a><\/li><li><a href=\"https:\/\/www.radio-otok-krk.hr\/wptmp\/wp-content\/uploads\/2022\/02\/REGISTAR-UGOVORA-2026.pdf\">Registar ugovora 2026<\/a><\/li><li><a href=\"https:\/\/www.radio-otok-krk.hr\/wptmp\/wp-content\/uploads\/2022\/02\/Plan-nabave-2026.xlsx\">Plan nabave 2026<\/a><\/li><\/ul><\/div>\n\t\t\t\t<\/div>\n\t\t\t\t\t\t\t<div class=\"elementor-toggle-item\">\n\t\t\t\t\t<div id=\"elementor-tab-title-4922\" class=\"elementor-tab-title\" data-tab=\"2\" role=\"button\" aria-controls=\"elementor-tab-content-4922\" aria-expanded=\"false\">\n\t\t\t\t\t\t\t\t\t\t\t\t<span class=\"elementor-toggle-icon elementor-toggle-icon-left\" aria-hidden=\"true\">\n\t\t\t\t\t\t\t\t\t\t\t\t\t\t\t<span class=\"elementor-toggle-icon-closed\"><i class=\"fas fa-caret-right\"><\/i><\/span>\n\t\t\t\t\t\t\t\t<span class=\"elementor-toggle-icon-opened\"><i class=\"elementor-toggle-icon-opened fas fa-caret-up\"><\/i><\/span>\n\t\t\t\t\t\t\t\t\t\t\t\t\t<\/span>\n\t\t\t\t\t\t\t\t\t\t\t\t<a class=\"elementor-toggle-title\" tabindex=\"0\">2025.<\/a>\n\t\t\t\t\t<\/div>\n\n\t\t\t\t\t<div id=\"elementor-tab-content-4922\" class=\"elementor-tab-content elementor-clearfix\" data-tab=\"2\" role=\"region\" aria-labelledby=\"elementor-tab-title-4922\"><ul><li><a href=\"https:\/\/www.radio-otok-krk.hr\/wptmp\/wp-content\/uploads\/2022\/02\/FINANCIJSKI-PLAN-2026.pdf\">Financijski plan za 2026. godinu<\/a><\/li><li><a href=\"https:\/\/www.radio-otok-krk.hr\/wptmp\/wp-content\/uploads\/2022\/02\/Plan-poslovanja-Radija-otok-Krk-za-2026.-godinu.pdf\">Plan poslovanja Radija otok Krk za 2026. godinu<\/a><\/li><li><a href=\"https:\/\/www.radio-otok-krk.hr\/wptmp\/wp-content\/uploads\/2022\/02\/Izvjesce-o-radu-Uprave-za-2025.-godinu.pdf\">Izvje\u0161\u0107e o radu Uprave za 2025. godinu<\/a><\/li><li><a href=\"https:\/\/www.radio-otok-krk.hr\/wptmp\/wp-content\/uploads\/2022\/02\/Prihodi-i-troskovi-2022.-2023.-i-2024-godina.pdf\">Financijski pregled realizacije za 2022., 2023. i 2024.<\/a><\/li><li><a href=\"https:\/\/www.radio-otok-krk.hr\/wptmp\/wp-content\/uploads\/2022\/02\/PPI-Godisnje-izvjesce-za-2024.pdf\">PPI &#8211; Godi\u0161nje izvje\u0161\u0107e za 2024.<\/a><\/li><li><a href=\"https:\/\/www.radio-otok-krk.hr\/wptmp\/wp-content\/uploads\/2022\/02\/Registar-ugovora-2025.pdf\">Registar Ugovora 2025<\/a><\/li><li><a href=\"https:\/\/www.radio-otok-krk.hr\/wptmp\/wp-content\/uploads\/2022\/02\/Plan-nabave-2025.pdf\">Plan nabave 2025<\/a><\/li><\/ul><\/div>\n\t\t\t\t<\/div>\n\t\t\t\t\t\t\t<div class=\"elementor-toggle-item\">\n\t\t\t\t\t<div id=\"elementor-tab-title-4923\" class=\"elementor-tab-title\" data-tab=\"3\" role=\"button\" aria-controls=\"elementor-tab-content-4923\" aria-expanded=\"false\">\n\t\t\t\t\t\t\t\t\t\t\t\t<span class=\"elementor-toggle-icon elementor-toggle-icon-left\" aria-hidden=\"true\">\n\t\t\t\t\t\t\t\t\t\t\t\t\t\t\t<span class=\"elementor-toggle-icon-closed\"><i class=\"fas fa-caret-right\"><\/i><\/span>\n\t\t\t\t\t\t\t\t<span class=\"elementor-toggle-icon-opened\"><i class=\"elementor-toggle-icon-opened fas fa-caret-up\"><\/i><\/span>\n\t\t\t\t\t\t\t\t\t\t\t\t\t<\/span>\n\t\t\t\t\t\t\t\t\t\t\t\t<a class=\"elementor-toggle-title\" tabindex=\"0\">2024.<\/a>\n\t\t\t\t\t<\/div>\n\n\t\t\t\t\t<div id=\"elementor-tab-content-4923\" class=\"elementor-tab-content elementor-clearfix\" data-tab=\"3\" role=\"region\" aria-labelledby=\"elementor-tab-title-4923\"><ul><li><a href=\"https:\/\/www.radio-otok-krk.hr\/wptmp\/wp-content\/uploads\/2022\/02\/Plan-poslovanja-Radija-otok-Krk-za-2025.-godinu.pdf\">Plan poslovanja za 2025. godinu<\/a><\/li><li><a href=\"https:\/\/www.radio-otok-krk.hr\/wptmp\/wp-content\/uploads\/2022\/02\/FINANCIJSKI-PLAN-2025.pdf\">Financijski plan za 2025. godinu<\/a><\/li><li><a href=\"https:\/\/www.radio-otok-krk.hr\/wptmp\/wp-content\/uploads\/2022\/02\/Izvjesce-o-radu-Uprave-za-2024.-godinu.pdf\">Izvje\u0161\u0107e o radu Uprave za 2024. godinu<\/a><\/li><li><a href=\"https:\/\/www.radio-otok-krk.hr\/wptmp\/wp-content\/uploads\/2022\/02\/ODLUKA-o-uskladenju-temeljnog-kapitala.pdf\">ODLUKA &#8211; o uskla\u0111enju temeljnog kapitala<\/a><\/li><li><a href=\"https:\/\/www.radio-otok-krk.hr\/wptmp\/wp-content\/uploads\/2022\/02\/Financijski-pregled-realizacije-za-2021-2022-2023.pdf\">Financijski pregled realizacije za 2021. 2022. i 2023. godinu<\/a><\/li><li><a href=\"https:\/\/www.radio-otok-krk.hr\/wptmp\/wp-content\/uploads\/2022\/02\/PPI-Godisnje-izvjesce-za-2023.pdf\">PPI &#8211; Godi\u0161nje izvje\u0161\u0107e za 2023.<\/a><\/li><li><a href=\"https:\/\/www.radio-otok-krk.hr\/wptmp\/wp-content\/uploads\/2022\/02\/REGISTAR-UGOVORA-2024.pdf\">Registar Ugovora 2024<\/a><\/li><li><a href=\"https:\/\/www.radio-otok-krk.hr\/wptmp\/wp-content\/uploads\/2022\/02\/Plan-nabave-Radio-otok-Krk-d.o.o.-2024.pdf\">Plan nabave 2024.<\/a><\/li><\/ul><\/div>\n\t\t\t\t<\/div>\n\t\t\t\t\t\t\t<div class=\"elementor-toggle-item\">\n\t\t\t\t\t<div id=\"elementor-tab-title-4924\" class=\"elementor-tab-title\" data-tab=\"4\" role=\"button\" aria-controls=\"elementor-tab-content-4924\" aria-expanded=\"false\">\n\t\t\t\t\t\t\t\t\t\t\t\t<span class=\"elementor-toggle-icon elementor-toggle-icon-left\" aria-hidden=\"true\">\n\t\t\t\t\t\t\t\t\t\t\t\t\t\t\t<span class=\"elementor-toggle-icon-closed\"><i class=\"fas fa-caret-right\"><\/i><\/span>\n\t\t\t\t\t\t\t\t<span class=\"elementor-toggle-icon-opened\"><i class=\"elementor-toggle-icon-opened fas fa-caret-up\"><\/i><\/span>\n\t\t\t\t\t\t\t\t\t\t\t\t\t<\/span>\n\t\t\t\t\t\t\t\t\t\t\t\t<a class=\"elementor-toggle-title\" tabindex=\"0\">2023.<\/a>\n\t\t\t\t\t<\/div>\n\n\t\t\t\t\t<div id=\"elementor-tab-content-4924\" class=\"elementor-tab-content elementor-clearfix\" data-tab=\"4\" role=\"region\" aria-labelledby=\"elementor-tab-title-4924\"><ul><li>\u00a0<\/li><li><a href=\"https:\/\/www.radio-otok-krk.hr\/wptmp\/wp-content\/uploads\/2022\/02\/FINANCIJSKI-PLAN-2024.pdf\">Financijski plan 2024.<\/a><\/li><li><a href=\"https:\/\/www.radio-otok-krk.hr\/wptmp\/wp-content\/uploads\/2022\/02\/Plan-poslovanja-Radija-otok-Krk-za-2024.-godinu.pdf\">Plan poslovanja za 2024. godinu<\/a><\/li><li><a href=\"https:\/\/www.radio-otok-krk.hr\/wptmp\/wp-content\/uploads\/2022\/02\/Izvjesce-o-radu-Uprave-za-2023.-godinu.pdf\">Izvje\u0161\u0107e o radu 2023.<\/a><\/li><li><a href=\"https:\/\/www.radio-otok-krk.hr\/wptmp\/wp-content\/uploads\/2022\/02\/ZPPI-Upitnik-za-samoprocjenu-tjv.xls\">ZPPI &#8211; upitnik za samoprocjenu<\/a><\/li><li><a href=\"https:\/\/www.radio-otok-krk.hr\/wptmp\/wp-content\/uploads\/2022\/02\/REGISTAR-UGOVORA-2023.pdf\">Registar ugovora 2023<\/a><\/li><li><a href=\"https:\/\/www.radio-otok-krk.hr\/wptmp\/wp-content\/uploads\/2022\/02\/Plan-nabave-2023-izmjena-I.xls\">Plan nabave 2023 &#8211; izmjena I<\/a><\/li><li><a href=\"https:\/\/www.radio-otok-krk.hr\/wptmp\/wp-content\/uploads\/2022\/02\/Prihodi-i-troskovi-2022-godina.pdf\">Financijsko izvje\u0161\u0107e &#8211; prihodi i rashodi 2020 &#8211; 2022<\/a><\/li><li><a href=\"https:\/\/www.radio-otok-krk.hr\/wptmp\/wp-content\/uploads\/2022\/02\/Plan-poslovanja-Radija-otok-Krk-za-2023.-godinu.pdf\">Plan poslovanja 2023<\/a><\/li><\/ul><\/div>\n\t\t\t\t<\/div>\n\t\t\t\t\t\t\t<div class=\"elementor-toggle-item\">\n\t\t\t\t\t<div id=\"elementor-tab-title-4925\" class=\"elementor-tab-title\" data-tab=\"5\" role=\"button\" aria-controls=\"elementor-tab-content-4925\" aria-expanded=\"false\">\n\t\t\t\t\t\t\t\t\t\t\t\t<span class=\"elementor-toggle-icon elementor-toggle-icon-left\" aria-hidden=\"true\">\n\t\t\t\t\t\t\t\t\t\t\t\t\t\t\t<span class=\"elementor-toggle-icon-closed\"><i class=\"fas fa-caret-right\"><\/i><\/span>\n\t\t\t\t\t\t\t\t<span class=\"elementor-toggle-icon-opened\"><i class=\"elementor-toggle-icon-opened fas fa-caret-up\"><\/i><\/span>\n\t\t\t\t\t\t\t\t\t\t\t\t\t<\/span>\n\t\t\t\t\t\t\t\t\t\t\t\t<a class=\"elementor-toggle-title\" tabindex=\"0\">2022.<\/a>\n\t\t\t\t\t<\/div>\n\n\t\t\t\t\t<div id=\"elementor-tab-content-4925\" class=\"elementor-tab-content elementor-clearfix\" data-tab=\"5\" role=\"region\" aria-labelledby=\"elementor-tab-title-4925\"><ul><li>\u00a0<\/li><li><a href=\"https:\/\/www.radio-otok-krk.hr\/wptmp\/wp-content\/uploads\/2022\/02\/PPI-Godisnje_izvjesce-2022.pdf\">PPI &#8211; godi\u0161nje izvje\u0161\u0107e 2022<\/a><\/li><li><a href=\"https:\/\/www.radio-otok-krk.hr\/wptmp\/wp-content\/uploads\/2022\/02\/Plan-Nabave-Radio-otok-Krk-d.o.o.-2023.pdf\">Plan nabave 2023<\/a><\/li><li><a href=\"https:\/\/www.radio-otok-krk.hr\/wptmp\/wp-content\/uploads\/2022\/02\/5.-FINANCIJSKI-PLAN-2023-EUR.pdf\">Financijski plan 2023<\/a><\/li><li><a href=\"https:\/\/www.radio-otok-krk.hr\/wptmp\/wp-content\/uploads\/2022\/02\/Plan-Nabave-Radio-otok-Krk-d.o.o.-2022-izmjena-i-dopuna-1.pdf\">Plan nabave 2022 &#8211; izmjena i dopuna<\/a><\/li><li><a href=\"https:\/\/www.radio-otok-krk.hr\/wptmp\/wp-content\/uploads\/2022\/02\/3.-FINANCIJSKI-PLAN-ZA-2022.-izmjena-i-dopuna.pdf\">Financijski plan 2022 &#8211; izmjena i dopuna<\/a><\/li><li><a href=\"https:\/\/www.radio-otok-krk.hr\/wptmp\/wp-content\/uploads\/2022\/02\/FINANCIJSKO-IZVJESCE-Prihodi-i-troskovi-2019-2021-godina.pdf\">FINANCIJSKO IZVJE\u0160\u0106E &#8211; Prihodi i rashodi 2019-2021<\/a><\/li><li><a href=\"http:\/\/www.radio-otok-krk.hr\/wptmp\/wp-content\/uploads\/2022\/02\/Radio-otok-Krk-Plan-nabave-2022.pdf\">Plan nabave 2022<\/a><\/li><li><a href=\"http:\/\/www.radio-otok-krk.hr\/wptmp\/wp-content\/uploads\/2022\/02\/FINANCIJSKI-PLAN-2022.pdf\">Financijski plan 2022<\/a><\/li><\/ul><\/div>\n\t\t\t\t<\/div>\n\t\t\t\t\t\t\t<div class=\"elementor-toggle-item\">\n\t\t\t\t\t<div id=\"elementor-tab-title-4926\" class=\"elementor-tab-title\" data-tab=\"6\" role=\"button\" aria-controls=\"elementor-tab-content-4926\" aria-expanded=\"false\">\n\t\t\t\t\t\t\t\t\t\t\t\t<span class=\"elementor-toggle-icon elementor-toggle-icon-left\" aria-hidden=\"true\">\n\t\t\t\t\t\t\t\t\t\t\t\t\t\t\t<span class=\"elementor-toggle-icon-closed\"><i class=\"fas fa-caret-right\"><\/i><\/span>\n\t\t\t\t\t\t\t\t<span class=\"elementor-toggle-icon-opened\"><i class=\"elementor-toggle-icon-opened fas fa-caret-up\"><\/i><\/span>\n\t\t\t\t\t\t\t\t\t\t\t\t\t<\/span>\n\t\t\t\t\t\t\t\t\t\t\t\t<a class=\"elementor-toggle-title\" tabindex=\"0\">2021.<\/a>\n\t\t\t\t\t<\/div>\n\n\t\t\t\t\t<div id=\"elementor-tab-content-4926\" class=\"elementor-tab-content elementor-clearfix\" data-tab=\"6\" role=\"region\" aria-labelledby=\"elementor-tab-title-4926\"><p>\u00a0<\/p><ul><li><a href=\"http:\/\/www.radio-otok-krk.hr\/wptmp\/wp-content\/uploads\/2022\/02\/PPI-Godisnje-izvjesce-2021.pdf\">PPI &#8211; godi\u0161nje izvje\u0161\u0107e 2021<\/a><\/li><li><a href=\"http:\/\/www.radio-otok-krk.hr\/wptmp\/wp-content\/uploads\/2022\/02\/IZVJESCE-O-RADU-U-2021.pdf\">Izvje\u0161\u0107e o radu u 2021. godini<\/a><\/li><li><a href=\"http:\/\/www.radio-otok-krk.hr\/wptmp\/wp-content\/uploads\/2022\/02\/FINANCIJSKI-PLAN-ZA-2021.-izmjena-i-dopuna.pdf\">Financijski plan 2021 &#8211; izmjena i dopuna<\/a><\/li><li><a href=\"http:\/\/www.radio-otok-krk.hr\/wptmp\/wp-content\/uploads\/2022\/02\/Financijski-plan-2021.pdf\">Financijski plan 2021.<\/a><\/li><li><a href=\"https:\/\/www.radio-otok-krk.hr\/wptmp\/wp-content\/uploads\/2022\/02\/REGISTAR-UGOVORA-2021.pdf\">Registar ugovora 2021<\/a><\/li><li><a href=\"http:\/\/www.radio-otok-krk.hr\/wptmp\/wp-content\/uploads\/2022\/02\/Plan-Nabave_-Radio-otok-Krk-d.o.o.-za-telekomunikacije-2021.pdf\">Plan nabave 2021.<\/a><\/li><li><a href=\"http:\/\/www.radio-otok-krk.hr\/wptmp\/wp-content\/uploads\/2022\/02\/Plan-poslovanja-Radija-otok-Krk-za-2021.-godinu.pdf\">Plan poslovanja 2021.<\/a><\/li><li><a href=\"http:\/\/www.radio-otok-krk.hr\/wptmp\/wp-content\/uploads\/2022\/02\/Prihodi-i-troskovi-2020-godina.pdf\">Prihodi i tro\u0161kovi 2020. godina<\/a><\/li><\/ul><\/div>\n\t\t\t\t<\/div>\n\t\t\t\t\t\t\t<div class=\"elementor-toggle-item\">\n\t\t\t\t\t<div id=\"elementor-tab-title-4927\" class=\"elementor-tab-title\" data-tab=\"7\" role=\"button\" aria-controls=\"elementor-tab-content-4927\" aria-expanded=\"false\">\n\t\t\t\t\t\t\t\t\t\t\t\t<span class=\"elementor-toggle-icon elementor-toggle-icon-left\" aria-hidden=\"true\">\n\t\t\t\t\t\t\t\t\t\t\t\t\t\t\t<span class=\"elementor-toggle-icon-closed\"><i class=\"fas fa-caret-right\"><\/i><\/span>\n\t\t\t\t\t\t\t\t<span class=\"elementor-toggle-icon-opened\"><i class=\"elementor-toggle-icon-opened fas fa-caret-up\"><\/i><\/span>\n\t\t\t\t\t\t\t\t\t\t\t\t\t<\/span>\n\t\t\t\t\t\t\t\t\t\t\t\t<a class=\"elementor-toggle-title\" tabindex=\"0\">2020.<\/a>\n\t\t\t\t\t<\/div>\n\n\t\t\t\t\t<div id=\"elementor-tab-content-4927\" class=\"elementor-tab-content elementor-clearfix\" data-tab=\"7\" role=\"region\" aria-labelledby=\"elementor-tab-title-4927\"><p>\u00a0<\/p><ul><li><a href=\"http:\/\/www.radio-otok-krk.hr\/wptmp\/wp-content\/uploads\/2022\/02\/PPI-Godisnje-izvjesce.pdf\">PPI &#8211; godi\u0161nje izvje\u0161\u0107e 2020<\/a><\/li><li><a href=\"http:\/\/www.radio-otok-krk.hr\/wptmp\/wp-content\/uploads\/2022\/02\/Izvjesce-o-radu-Uprave-lipanj-prosinac-2020.pdf\">Izvje\u0161\u0107e o radu Uprave &#8211; lipanj-prosinac 2020<\/a><\/li><li><a href=\"http:\/\/www.radio-otok-krk.hr\/wptmp\/wp-content\/uploads\/2022\/02\/Prihodi-i-troskovi-2019..pdf\">Prihodi i tro\u0161kovi 2019.<\/a><\/li><li><a href=\"http:\/\/www.radio-otok-krk.hr\/wptmp\/wp-content\/uploads\/2022\/02\/Plan-Nabave_-Radio-otok-Krk-d.o.o.-za-telekomunikacije-2020.pdf\">Plan nabave 2020.<\/a><\/li><li><a href=\"http:\/\/www.radio-otok-krk.hr\/wptmp\/wp-content\/uploads\/2022\/02\/Odluka-o-imenovanju-clana-uprave.pdf\">Odluka o imenovanju \u010dlana uprave<\/a><\/li><li><a href=\"http:\/\/www.radio-otok-krk.hr\/wptmp\/wp-content\/uploads\/2022\/02\/Odluka-o-imenovanju-ovlastene-osobe-za-informiranje.pdf\">Odluka o imenovanju ovla\u0161tene osobe za informiranje<\/a><\/li><\/ul><\/div>\n\t\t\t\t<\/div>\n\t\t\t\t\t\t\t<div class=\"elementor-toggle-item\">\n\t\t\t\t\t<div id=\"elementor-tab-title-4928\" class=\"elementor-tab-title\" data-tab=\"8\" role=\"button\" aria-controls=\"elementor-tab-content-4928\" aria-expanded=\"false\">\n\t\t\t\t\t\t\t\t\t\t\t\t<span class=\"elementor-toggle-icon elementor-toggle-icon-left\" aria-hidden=\"true\">\n\t\t\t\t\t\t\t\t\t\t\t\t\t\t\t<span class=\"elementor-toggle-icon-closed\"><i class=\"fas fa-caret-right\"><\/i><\/span>\n\t\t\t\t\t\t\t\t<span class=\"elementor-toggle-icon-opened\"><i class=\"elementor-toggle-icon-opened fas fa-caret-up\"><\/i><\/span>\n\t\t\t\t\t\t\t\t\t\t\t\t\t<\/span>\n\t\t\t\t\t\t\t\t\t\t\t\t<a class=\"elementor-toggle-title\" tabindex=\"0\">Prebacivanje naslova<\/a>\n\t\t\t\t\t<\/div>\n\n\t\t\t\t\t<div id=\"elementor-tab-content-4928\" class=\"elementor-tab-content elementor-clearfix\" data-tab=\"8\" role=\"region\" aria-labelledby=\"elementor-tab-title-4928\"><p>\u00a0<\/p><p>Prebacivanje sadr\u017eaja<\/p><\/div>\n\t\t\t\t<\/div>\n\t\t\t\t\t\t\t\t<\/div>\n\t\t\t\t\t\t<\/div>\n\t\t\t\t<\/div>\n\t\t\t\t\t<\/div>\n\t\t<\/div>\n\t\t\t\t\t<\/div>\n\t\t<\/section>\n\t\t\t\t<\/div>\n\t\t","protected":false},"excerpt":{"rendered":"<p>2026. Financijski pregled realizacije za 2023., 2024. i 2025. PPI &#8211; Godi\u0161nje izvje\u0161\u0107e za 2025 Registar ugovora 2026 Plan nabave 2026 2025. Financijski plan za 2026. godinu Plan poslovanja Radija otok Krk za 2026. godinu Izvje\u0161\u0107e o radu Uprave za 2025. godinu Financijski pregled realizacije za 2022., 2023. i 2024. ...<\/p>\n","protected":false},"author":3,"featured_media":0,"parent":0,"menu_order":0,"comment_status":"closed","ping_status":"closed","template":"","meta":{"footnotes":""},"class_list":["post-224","page","type-page","status-publish","hentry"],"_links":{"self":[{"href":"https:\/\/www.radio-otok-krk.hr\/wptmp\/wp-json\/wp\/v2\/pages\/224","targetHints":{"allow":["GET"]}}],"collection":[{"href":"https:\/\/www.radio-otok-krk.hr\/wptmp\/wp-json\/wp\/v2\/pages"}],"about":[{"href":"https:\/\/www.radio-otok-krk.hr\/wptmp\/wp-json\/wp\/v2\/types\/page"}],"author":[{"embeddable":true,"href":"https:\/\/www.radio-otok-krk.hr\/wptmp\/wp-json\/wp\/v2\/users\/3"}],"replies":[{"embeddable":true,"href":"https:\/\/www.radio-otok-krk.hr\/wptmp\/wp-json\/wp\/v2\/comments?post=224"}],"version-history":[{"count":193,"href":"https:\/\/www.radio-otok-krk.hr\/wptmp\/wp-json\/wp\/v2\/pages\/224\/revisions"}],"predecessor-version":[{"id":1222,"href":"https:\/\/www.radio-otok-krk.hr\/wptmp\/wp-json\/wp\/v2\/pages\/224\/revisions\/1222"}],"wp:attachment":[{"href":"https:\/\/www.radio-otok-krk.hr\/wptmp\/wp-json\/wp\/v2\/media?parent=224"}],"curies":[{"name":"wp","href":"https:\/\/api.w.org\/{rel}","templated":true}]}}