{"id":319,"date":"2022-02-05T13:06:47","date_gmt":"2022-02-05T13:06:47","guid":{"rendered":"https:\/\/www.radio-otok-krk.hr\/wptmp\/?page_id=319"},"modified":"2022-02-08T20:46:34","modified_gmt":"2022-02-08T20:46:34","slug":"unutarnje-ustrojstvo-i-vlasnicka-struktura","status":"publish","type":"page","link":"https:\/\/www.radio-otok-krk.hr\/wptmp\/unutarnje-ustrojstvo-i-vlasnicka-struktura\/","title":{"rendered":"Unutarnje ustrojstvo i vlasni\u010dka struktura"},"content":{"rendered":"\t\t<div data-elementor-type=\"wp-page\" data-elementor-id=\"319\" class=\"elementor elementor-319\">\n\t\t\t\t\t\t<section class=\"elementor-section elementor-top-section elementor-element elementor-element-4fbb12b9 elementor-section-boxed elementor-section-height-default elementor-section-height-default\" data-id=\"4fbb12b9\" data-element_type=\"section\" data-e-type=\"section\">\n\t\t\t\t\t\t<div class=\"elementor-container elementor-column-gap-default\">\n\t\t\t\t\t<div class=\"elementor-column elementor-col-100 elementor-top-column elementor-element elementor-element-5b48cdcd\" data-id=\"5b48cdcd\" data-element_type=\"column\" data-e-type=\"column\">\n\t\t\t<div class=\"elementor-widget-wrap elementor-element-populated\">\n\t\t\t\t\t\t<div class=\"elementor-element elementor-element-623f220 elementor-widget elementor-widget-proradio-elementor-qt-caption\" data-id=\"623f220\" data-element_type=\"widget\" data-e-type=\"widget\" data-widget_type=\"proradio-elementor-qt-caption.default\">\n\t\t\t\t<div class=\"elementor-widget-container\">\n\t\t\t\t\t\t\t<div>\n\t\t\t<h3  class=\"proradio-element-caption proradio-caption  proradio-caption__m  \" data-qtwaypoints-offset=\"30\" data-qtwaypoints>\t\t\t\t<span>unutarnje ustrojstvo<\/span>\n\t\t\t\t<\/h3>\t\t<\/div>\n\t\t\t\t\t\t<\/div>\n\t\t\t\t<\/div>\n\t\t\t\t<div class=\"elementor-element elementor-element-35fce4ad elementor-widget elementor-widget-text-editor\" data-id=\"35fce4ad\" data-element_type=\"widget\" data-e-type=\"widget\" data-widget_type=\"text-editor.default\">\n\t\t\t\t<div class=\"elementor-widget-container\">\n\t\t\t\t\t\t\t\t\t<p>Radom i poslovanjem Dru\u0161tva upravlja i rukovodi direktor Dru\u0161tva na temelju akata pravilnika Dru\u0161tva i na temelju odluka i zaklju\u010daka Skup\u0161tine Dru\u0161tva te sukladno svim<br \/>zakonskim propisima koji su va\u017ee\u0107i u djelatnosti koju obavlja Dru\u0161tvo.<\/p><h4>Program<\/h4><p>Radio otok Krk emitira 24-satni program, a radno vrijeme se uskla\u0111uje s programskom<br \/>shemom.<br \/>Rad je podijeljen na jutarnju i popodnevnu smjenu studijsko-eterskog rada u vremenu od 07:00 do 19:00 sati, te nedjeljom od 07:00 do 13:00 sati. Ostatak radnog vremena pripada<br \/>pripremnom, uredni\u010dkom i terenskom radu.<br \/>Smjenu studijsko-eterskog rada \u010dine urednik-voditelj i tonski\/glazbeni urednik.<br \/>Konkretne odluke o radnom vremenu i vremenu emitiranja programa donosi direktor Radija.<\/p><h4>Marketing<\/h4><p>Poslovi marketinga obavljaju se od ponedjeljka do subote u vremenu od 08:00 do 16:00 sati.<\/p><h4>Tablica zaposlenika<\/h4><table><tbody><tr><th>OPIS POSLA<\/th><th>BROJ ZAPOSLENIKA<\/th><\/tr><tr><td>Direktor &#8211; glavni urednik (voditelj marketinga)<\/td><td>1<\/td><\/tr><tr><td>Urednik &#8211; voditelj<\/td><td>4<\/td><\/tr><tr><td>Tonski \/ glazbeni urednik<\/td><td>1<\/td><\/tr><tr><td style=\"text-align: right;\"><strong>UKUPNO\u00a0 \u00a0<\/strong><\/td><td>6<\/td><\/tr><\/tbody><\/table>\t\t\t\t\t\t\t\t<\/div>\n\t\t\t\t<\/div>\n\t\t\t\t<div class=\"elementor-element elementor-element-87d8949 elementor-widget elementor-widget-proradio-elementor-qt-caption\" data-id=\"87d8949\" data-element_type=\"widget\" data-e-type=\"widget\" id=\"vlasnicka\" data-widget_type=\"proradio-elementor-qt-caption.default\">\n\t\t\t\t<div class=\"elementor-widget-container\">\n\t\t\t\t\t\t\t<div>\n\t\t\t<h3  class=\"proradio-element-caption proradio-caption  proradio-caption__m  \" data-qtwaypoints-offset=\"30\" data-qtwaypoints>\t\t\t\t<span>vlasni\u010dka struktura<\/span>\n\t\t\t\t<\/h3>\t\t<\/div>\n\t\t\t\t\t\t<\/div>\n\t\t\t\t<\/div>\n\t\t\t\t<div class=\"elementor-element elementor-element-c8f4d72 elementor-widget elementor-widget-text-editor\" data-id=\"c8f4d72\" data-element_type=\"widget\" data-e-type=\"widget\" data-widget_type=\"text-editor.default\">\n\t\t\t\t<div class=\"elementor-widget-container\">\n\t\t\t\t\t\t\t\t\t<table><thead><tr><td><strong>1.<\/strong><\/td><td><strong>Naziv trgova\u010dkog dru\u0161tva<\/strong><\/td><td>RADIO OTOK KRK d.o.o.<\/td><\/tr><\/thead><tbody><tr><td><strong>2.<\/strong><\/td><td><strong>Mati\u010dni broj trgova\u010dkog dru\u0161tva<\/strong><br \/><strong>OIB trgova\u010dkog dru\u0161tva<\/strong><\/td><td>1252771<br \/>49445582981<\/td><\/tr><tr><td>3<strong>.<\/strong><\/td><td><strong>Odgovorna osoba trgova\u010dkog dru\u0161tva<\/strong><\/td><td>Nikola Par\u010di\u0107<\/td><\/tr><tr><td><strong>4.<\/strong><\/td><td><strong>Glavni urednik<\/strong><\/td><td>Nikola Par\u010di\u0107<\/td><\/tr><tr><td><strong>5.<\/strong><\/td><td><strong>Sjedi\u0161te (ulica, ku\u0107ni broj,<\/strong><br \/><strong>po\u0161tanski broj i mjesto)<\/strong><\/td><td>Dru\u0161tveni dom Kras, 51514 DOBRINJ<\/td><\/tr><tr><td><strong>6.<\/strong><\/td><td><strong>Telefon<\/strong><\/td><td>Tel. 051\/849-239; 051\/849-250<\/td><\/tr><tr><td><strong>7.<\/strong><\/td><td><strong>E-mail adresa<\/strong><\/td><td>radio-otok-krk@inet.hr<\/td><\/tr><\/tbody><\/table>\t\t\t\t\t\t\t\t<\/div>\n\t\t\t\t<\/div>\n\t\t\t\t<div class=\"elementor-element elementor-element-eddc827 elementor-widget elementor-widget-text-editor\" data-id=\"eddc827\" data-element_type=\"widget\" data-e-type=\"widget\" data-widget_type=\"text-editor.default\">\n\t\t\t\t<div class=\"elementor-widget-container\">\n\t\t\t\t\t\t\t\t\t<h4>Podaci o vlasni\u010dkoj strukturi<\/h4><table class=\"tg\" style=\"border-collapse: collapse; border-spacing: 0;\"><thead><tr><th style=\"font-family: Arial, sans-serif; font-size: 14px; font-weight: bold; overflow: hidden; padding: 10px 5px; text-align: center; vertical-align: top; word-break: normal; border: 1px solid black;\">Redni<br \/>broj<\/th><th style=\"font-family: Arial, sans-serif; font-size: 14px; font-weight: bold; overflow: hidden; padding: 10px 5px; text-align: center; vertical-align: top; word-break: normal; border: 1px solid black;\">Ime i prezime<br \/>Naziv pravne osobe<\/th><th style=\"font-family: Arial, sans-serif; font-size: 14px; font-weight: bold; overflow: hidden; padding: 10px 5px; text-align: center; vertical-align: top; word-break: normal; border: 1px solid black;\">Oznaka vlasni\u0161tva*<\/th><th style=\"font-family: Arial, sans-serif; font-size: 14px; font-weight: bold; overflow: hidden; padding: 10px 5px; text-align: center; vertical-align: top; word-break: normal; border: 1px solid black;\">OIB<\/th><th style=\"font-family: Arial, sans-serif; font-size: 14px; font-weight: bold; overflow: hidden; padding: 10px 5px; text-align: center; vertical-align: top; word-break: normal; border: 1px solid black;\">Sjedi\u0161te (ulica, ku\u0107ni<br \/>broj, po\u0161tanski broj i <br \/>mjesto)<\/th><th style=\"font-family: Arial, sans-serif; font-size: 14px; font-weight: bold; overflow: hidden; padding: 10px 5px; text-align: center; vertical-align: top; word-break: normal; border: 1px solid black;\">Postotak u<br \/>udjelu<br \/>vlsni\u0161tva<\/th><\/tr><\/thead><tbody><tr><td style=\"font-family: Arial, sans-serif; font-size: 14px; overflow: hidden; padding: 10px 5px; text-align: center; vertical-align: top; word-break: normal; border: 1px solid black;\">1.<\/td><td style=\"font-family: Arial, sans-serif; font-size: 14px; overflow: hidden; padding: 10px 5px; text-align: center; vertical-align: top; word-break: normal; border: 1px solid black;\">Grad Krk<\/td><td style=\"font-family: Arial, sans-serif; font-size: 14px; overflow: hidden; padding: 10px 5px; text-align: center; vertical-align: top; word-break: normal; border: 1px solid black;\">P<\/td><td style=\"font-family: Arial, sans-serif; font-size: 14px; font-weight: bold; overflow: hidden; padding: 10px 5px; text-align: center; vertical-align: top; word-break: normal; border: 1px solid black;\">12405095116<\/td><td style=\"font-family: Arial, sans-serif; font-size: 14px; overflow: hidden; padding: 10px 5px; text-align: center; vertical-align: top; word-break: normal; border: 1px solid black;\">Trg bana Jela\u010di\u0107a 2,<br \/>51500 Krk<\/td><td style=\"font-family: Arial, sans-serif; font-size: 14px; overflow: hidden; padding: 10px 5px; text-align: center; vertical-align: top; word-break: normal; border: 1px solid black;\">11,0<\/td><\/tr><tr><td style=\"font-family: Arial, sans-serif; font-size: 14px; overflow: hidden; padding: 10px 5px; text-align: center; vertical-align: top; word-break: normal; border: 1px solid black;\">2.<\/td><td style=\"font-family: Arial, sans-serif; font-size: 14px; overflow: hidden; padding: 10px 5px; text-align: center; vertical-align: top; word-break: normal; border: 1px solid black;\">Op\u0107ina Ba\u0161ka<\/td><td style=\"font-family: Arial, sans-serif; font-size: 14px; overflow: hidden; padding: 10px 5px; text-align: center; vertical-align: top; word-break: normal; border: 1px solid black;\">P<\/td><td style=\"font-family: Arial, sans-serif; font-size: 14px; font-weight: bold; overflow: hidden; padding: 10px 5px; text-align: center; vertical-align: top; word-break: normal; border: 1px solid black;\">24078212554<\/td><td style=\"font-family: Arial, sans-serif; font-size: 14px; overflow: hidden; padding: 10px 5px; text-align: center; vertical-align: top; word-break: normal; border: 1px solid black;\">Palada 88, 51523 Ba\u0161ka<\/td><td style=\"font-family: Arial, sans-serif; font-size: 14px; overflow: hidden; padding: 10px 5px; text-align: center; vertical-align: top; word-break: normal; border: 1px solid black;\">11,0<\/td><\/tr><tr><td style=\"font-family: Arial, sans-serif; font-size: 14px; overflow: hidden; padding: 10px 5px; text-align: center; vertical-align: top; word-break: normal; border: 1px solid black;\">3.<\/td><td style=\"font-family: Arial, sans-serif; font-size: 14px; overflow: hidden; padding: 10px 5px; text-align: center; vertical-align: top; word-break: normal; border: 1px solid black;\">Op\u0107ina Dobrinj<\/td><td style=\"font-family: Arial, sans-serif; font-size: 14px; overflow: hidden; padding: 10px 5px; text-align: center; vertical-align: top; word-break: normal; border: 1px solid black;\">P<\/td><td style=\"font-family: Arial, sans-serif; font-size: 14px; font-weight: bold; overflow: hidden; padding: 10px 5px; text-align: center; vertical-align: top; word-break: normal; border: 1px solid black;\">97003983043<\/td><td style=\"font-family: Arial, sans-serif; font-size: 14px; overflow: hidden; padding: 10px 5px; text-align: center; vertical-align: top; word-break: normal; border: 1px solid black;\">Dobrinj 103, 51514 Dobrinj<\/td><td style=\"font-family: Arial, sans-serif; font-size: 14px; overflow: hidden; padding: 10px 5px; text-align: center; vertical-align: top; word-break: normal; border: 1px solid black;\">6,2<\/td><\/tr><tr><td style=\"font-family: Arial, sans-serif; font-size: 14px; overflow: hidden; padding: 10px 5px; text-align: center; vertical-align: top; word-break: normal; border: 1px solid black;\">4.<\/td><td style=\"font-family: Arial, sans-serif; font-size: 14px; overflow: hidden; padding: 10px 5px; text-align: center; vertical-align: top; word-break: normal; border: 1px solid black;\">Op\u0107ina Vrbnik<\/td><td style=\"font-family: Arial, sans-serif; font-size: 14px; overflow: hidden; padding: 10px 5px; text-align: center; vertical-align: top; word-break: normal; border: 1px solid black;\">P<\/td><td style=\"font-family: Arial, sans-serif; font-size: 14px; font-weight: bold; overflow: hidden; padding: 10px 5px; text-align: center; vertical-align: top; word-break: normal; border: 1px solid black;\">80254949848<\/td><td style=\"font-family: Arial, sans-serif; font-size: 14px; overflow: hidden; padding: 10px 5px; text-align: center; vertical-align: top; word-break: normal; border: 1px solid black;\">\u0160kuljica 7, 51516 Vrbnik<\/td><td style=\"font-family: Arial, sans-serif; font-size: 14px; overflow: hidden; padding: 10px 5px; text-align: center; vertical-align: top; word-break: normal; border: 1px solid black;\">11,0<\/td><\/tr><tr><td style=\"font-family: Arial, sans-serif; font-size: 14px; overflow: hidden; padding: 10px 5px; text-align: center; vertical-align: top; word-break: normal; border: 1px solid black;\">5.<\/td><td style=\"font-family: Arial, sans-serif; font-size: 14px; overflow: hidden; padding: 10px 5px; text-align: center; vertical-align: top; word-break: normal; border: 1px solid black;\">Marina Punat d.o.o.<\/td><td style=\"font-family: Arial, sans-serif; font-size: 14px; overflow: hidden; padding: 10px 5px; text-align: center; vertical-align: top; word-break: normal; border: 1px solid black;\">P<\/td><td style=\"font-family: Arial, sans-serif; font-size: 14px; font-weight: bold; overflow: hidden; padding: 10px 5px; text-align: center; vertical-align: top; word-break: normal; border: 1px solid black;\">52846613956<\/td><td style=\"font-family: Arial, sans-serif; font-size: 14px; overflow: hidden; padding: 10px 5px; text-align: center; vertical-align: top; word-break: normal; border: 1px solid black;\">Puntica 7, 51521 Punat<\/td><td style=\"font-family: Arial, sans-serif; font-size: 14px; overflow: hidden; padding: 10px 5px; text-align: center; vertical-align: top; word-break: normal; border: 1px solid black;\">16,8<\/td><\/tr><tr><td style=\"font-family: Arial, sans-serif; font-size: 14px; overflow: hidden; padding: 10px 5px; text-align: center; vertical-align: top; word-break: normal; border: 1px solid black;\">6.<\/td><td style=\"font-family: Arial, sans-serif; font-size: 14px; overflow: hidden; padding: 10px 5px; text-align: center; vertical-align: top; word-break: normal; border: 1px solid black;\">Gra\u0111evinarstvo i proizvodnja<br \/>Krk d.d.<\/td><td style=\"font-family: Arial, sans-serif; font-size: 14px; overflow: hidden; padding: 10px 5px; text-align: center; vertical-align: top; word-break: normal; border: 1px solid black;\">P<\/td><td style=\"font-family: Arial, sans-serif; font-size: 14px; font-weight: bold; overflow: hidden; padding: 10px 5px; text-align: center; vertical-align: top; word-break: normal; border: 1px solid black;\">05146274847<\/td><td style=\"font-family: Arial, sans-serif; font-size: 14px; overflow: hidden; padding: 10px 5px; text-align: center; vertical-align: top; word-break: normal; border: 1px solid black;\">Stjepana Radi\u0107a 31,<br \/>51500 Krk<\/td><td style=\"font-family: Arial, sans-serif; font-size: 14px; overflow: hidden; padding: 10px 5px; text-align: center; vertical-align: top; word-break: normal; border: 1px solid black;\">11,0<\/td><\/tr><tr><td style=\"font-family: Arial, sans-serif; font-size: 14px; overflow: hidden; padding: 10px 5px; text-align: center; vertical-align: top; word-break: normal; border: 1px solid black;\">7.<\/td><td style=\"font-family: Arial, sans-serif; font-size: 14px; overflow: hidden; padding: 10px 5px; text-align: center; vertical-align: top; word-break: normal; border: 1px solid black;\">Op\u0107ina Malinska-Duba\u0161nica<\/td><td style=\"font-family: Arial, sans-serif; font-size: 14px; overflow: hidden; padding: 10px 5px; text-align: center; vertical-align: top; word-break: normal; border: 1px solid black;\">P<\/td><td style=\"font-family: Arial, sans-serif; font-size: 14px; font-weight: bold; overflow: hidden; padding: 10px 5px; text-align: center; vertical-align: top; word-break: normal; border: 1px solid black;\">36462926568<\/td><td style=\"font-family: Arial, sans-serif; font-size: 14px; overflow: hidden; padding: 10px 5px; text-align: center; vertical-align: top; word-break: normal; border: 1px solid black;\">Lina Bolmar\u010di\u0107a 22,<br \/>51511 Malinska<\/td><td style=\"font-family: Arial, sans-serif; font-size: 14px; overflow: hidden; padding: 10px 5px; text-align: center; vertical-align: top; word-break: normal; border: 1px solid black;\">5,5<\/td><\/tr><tr><td style=\"font-family: Arial, sans-serif; font-size: 14px; overflow: hidden; padding: 10px 5px; text-align: center; vertical-align: top; word-break: normal; border: 1px solid black;\">8.<\/td><td style=\"font-family: Arial, sans-serif; font-size: 14px; overflow: hidden; padding: 10px 5px; text-align: center; vertical-align: top; word-break: normal; border: 1px solid black;\">Op\u0107ina Omi\u0161alj<\/td><td style=\"font-family: Arial, sans-serif; font-size: 14px; overflow: hidden; padding: 10px 5px; text-align: center; vertical-align: top; word-break: normal; border: 1px solid black;\">P<\/td><td style=\"font-family: Arial, sans-serif; font-size: 14px; font-weight: bold; overflow: hidden; padding: 10px 5px; text-align: center; vertical-align: top; word-break: normal; border: 1px solid black;\">72908368249<\/td><td style=\"font-family: Arial, sans-serif; font-size: 14px; overflow: hidden; padding: 10px 5px; text-align: center; vertical-align: top; word-break: normal; border: 1px solid black;\">Prike\u0161te 11, 51513 Omi\u0161alj<\/td><td style=\"font-family: Arial, sans-serif; font-size: 14px; overflow: hidden; padding: 10px 5px; text-align: center; vertical-align: top; word-break: normal; border: 1px solid black;\">5,5<\/td><\/tr><tr><td style=\"font-family: Arial, sans-serif; font-size: 14px; overflow: hidden; padding: 10px 5px; text-align: center; vertical-align: top; word-break: normal; border: 1px solid black;\">9.<\/td><td style=\"font-family: Arial, sans-serif; font-size: 14px; overflow: hidden; padding: 10px 5px; text-align: center; vertical-align: top; word-break: normal; border: 1px solid black;\">Op\u0107ina Punat<\/td><td style=\"font-family: Arial, sans-serif; font-size: 14px; overflow: hidden; padding: 10px 5px; text-align: center; vertical-align: top; word-break: normal; border: 1px solid black;\">P<\/td><td style=\"font-family: Arial, sans-serif; font-size: 14px; font-weight: bold; overflow: hidden; padding: 10px 5px; text-align: center; vertical-align: top; word-break: normal; border: 1px solid black;\">59398328383<\/td><td style=\"font-family: Arial, sans-serif; font-size: 14px; overflow: hidden; padding: 10px 5px; text-align: center; vertical-align: top; word-break: normal; border: 1px solid black;\">Novi put 2, 51521 Punat<\/td><td style=\"font-family: Arial, sans-serif; font-size: 14px; overflow: hidden; padding: 10px 5px; text-align: center; vertical-align: top; word-break: normal; border: 1px solid black;\">5,5<\/td><\/tr><tr><td style=\"font-family: Arial, sans-serif; font-size: 14px; overflow: hidden; padding: 10px 5px; text-align: center; vertical-align: top; word-break: normal; border: 1px solid black;\">10.<\/td><td style=\"font-family: Arial, sans-serif; font-size: 14px; overflow: hidden; padding: 10px 5px; text-align: center; vertical-align: top; word-break: normal; border: 1px solid black;\">Vrbnico d.o.o.<\/td><td style=\"font-family: Arial, sans-serif; font-size: 14px; overflow: hidden; padding: 10px 5px; text-align: center; vertical-align: top; word-break: normal; border: 1px solid black;\">P<\/td><td style=\"font-family: Arial, sans-serif; font-size: 14px; font-weight: bold; overflow: hidden; padding: 10px 5px; text-align: center; vertical-align: top; word-break: normal; border: 1px solid black;\">01607185976<\/td><td style=\"font-family: Arial, sans-serif; font-size: 14px; overflow: hidden; padding: 10px 5px; text-align: center; vertical-align: top; word-break: normal; border: 1px solid black;\">J.A. Petrisa 7, 51516 Vrbnik<\/td><td style=\"font-family: Arial, sans-serif; font-size: 14px; overflow: hidden; padding: 10px 5px; text-align: center; vertical-align: top; word-break: normal; border: 1px solid black;\">5,5<\/td><\/tr><tr><td style=\"font-family: Arial, sans-serif; font-size: 14px; overflow: hidden; padding: 10px 5px; text-align: center; vertical-align: top; word-break: normal; border: 1px solid black;\">11.<\/td><td style=\"font-family: Arial, sans-serif; font-size: 14px; overflow: hidden; padding: 10px 5px; text-align: center; vertical-align: top; word-break: normal; border: 1px solid black;\">G.P.P. Miki\u0107 d.o.o<\/td><td style=\"font-family: Arial, sans-serif; font-size: 14px; overflow: hidden; padding: 10px 5px; text-align: center; vertical-align: top; word-break: normal; border: 1px solid black;\">P<\/td><td style=\"font-family: Arial, sans-serif; font-size: 14px; font-weight: bold; overflow: hidden; padding: 10px 5px; text-align: center; vertical-align: top; word-break: normal; border: 1px solid black;\">082386143355<\/td><td style=\"font-family: Arial, sans-serif; font-size: 14px; overflow: hidden; padding: 10px 5px; text-align: center; vertical-align: top; word-break: normal; border: 1px solid black;\">Pu\u0161\u0107a 131, 51513 Omi\u0161alj<\/td><td style=\"font-family: Arial, sans-serif; font-size: 14px; overflow: hidden; padding: 10px 5px; text-align: center; vertical-align: top; word-break: normal; border: 1px solid black;\">5,5<\/td><\/tr><tr><td style=\"font-family: Arial, sans-serif; font-size: 14px; overflow: hidden; padding: 10px 5px; text-align: center; vertical-align: top; word-break: normal; border: 1px solid black;\">12.<\/td><td style=\"font-family: Arial, sans-serif; font-size: 14px; overflow: hidden; padding: 10px 5px; text-align: center; vertical-align: top; word-break: normal; border: 1px solid black;\">Tiha d.o.o.<\/td><td style=\"font-family: Arial, sans-serif; font-size: 14px; overflow: hidden; padding: 10px 5px; text-align: center; vertical-align: top; word-break: normal; border: 1px solid black;\">P<\/td><td style=\"font-family: Arial, sans-serif; font-size: 14px; font-weight: bold; overflow: hidden; padding: 10px 5px; text-align: center; vertical-align: top; word-break: normal; border: 1px solid black;\">03888089651<\/td><td style=\"font-family: Arial, sans-serif; font-size: 14px; overflow: hidden; padding: 10px 5px; text-align: center; vertical-align: top; word-break: normal; border: 1px solid black;\">Brdo 12, 51515 \u0160ilo<\/td><td style=\"font-family: Arial, sans-serif; font-size: 14px; overflow: hidden; padding: 10px 5px; text-align: center; vertical-align: top; word-break: normal; border: 1px solid black;\">5,5<\/td><\/tr><\/tbody><\/table><h6 style=\"text-align: left;\">*Pod oznakom vlasni\u0161tva upisuje se &#8220;P&#8221; za pravne i &#8220;F&#8221; za fizi\u010dke osobe<\/h6>\t\t\t\t\t\t\t\t<\/div>\n\t\t\t\t<\/div>\n\t\t\t\t\t<\/div>\n\t\t<\/div>\n\t\t\t\t\t<\/div>\n\t\t<\/section>\n\t\t\t\t<\/div>\n\t\t","protected":false},"excerpt":{"rendered":"<p>unutarnje ustrojstvo Radom i poslovanjem Dru\u0161tva upravlja i rukovodi direktor Dru\u0161tva na temelju akata pravilnika Dru\u0161tva i na temelju odluka i zaklju\u010daka Skup\u0161tine Dru\u0161tva te sukladno svimzakonskim propisima koji su va\u017ee\u0107i u djelatnosti koju obavlja Dru\u0161tvo. Program Radio otok Krk emitira 24-satni program, a radno vrijeme se uskla\u0111uje s programskomshemom.Rad ...<\/p>\n","protected":false},"author":3,"featured_media":0,"parent":0,"menu_order":0,"comment_status":"closed","ping_status":"closed","template":"","meta":{"footnotes":""},"class_list":["post-319","page","type-page","status-publish","hentry"],"_links":{"self":[{"href":"https:\/\/www.radio-otok-krk.hr\/wptmp\/wp-json\/wp\/v2\/pages\/319","targetHints":{"allow":["GET"]}}],"collection":[{"href":"https:\/\/www.radio-otok-krk.hr\/wptmp\/wp-json\/wp\/v2\/pages"}],"about":[{"href":"https:\/\/www.radio-otok-krk.hr\/wptmp\/wp-json\/wp\/v2\/types\/page"}],"author":[{"embeddable":true,"href":"https:\/\/www.radio-otok-krk.hr\/wptmp\/wp-json\/wp\/v2\/users\/3"}],"replies":[{"embeddable":true,"href":"https:\/\/www.radio-otok-krk.hr\/wptmp\/wp-json\/wp\/v2\/comments?post=319"}],"version-history":[{"count":19,"href":"https:\/\/www.radio-otok-krk.hr\/wptmp\/wp-json\/wp\/v2\/pages\/319\/revisions"}],"predecessor-version":[{"id":414,"href":"https:\/\/www.radio-otok-krk.hr\/wptmp\/wp-json\/wp\/v2\/pages\/319\/revisions\/414"}],"wp:attachment":[{"href":"https:\/\/www.radio-otok-krk.hr\/wptmp\/wp-json\/wp\/v2\/media?parent=319"}],"curies":[{"name":"wp","href":"https:\/\/api.w.org\/{rel}","templated":true}]}}