{"id":93,"date":"2021-01-14T15:51:55","date_gmt":"2021-01-14T15:51:55","guid":{"rendered":"http:\/\/www.radio-otok-krk.hr\/wptmp\/?post_type=shows&#038;p=93"},"modified":"2022-02-18T20:33:29","modified_gmt":"2022-02-18T20:33:29","slug":"o-vama-i-oko-vas","status":"publish","type":"shows","link":"https:\/\/www.radio-otok-krk.hr\/wptmp\/emisija\/o-vama-i-oko-vas\/","title":{"rendered":"O vama i oko vas"},"content":{"rendered":"<p>Rubrika rezervirana za obrazovne i kulturno-umjetni\u010dke teme. Iz tjedna u tjedan naizmjeni\u010dno<br \/>\ndonosimo sljede\u0107e emisije:<\/p>\n<ul>\n<li>O\u010dima vjere \u2013 nacionalne manjine u primorsko-goranskoj \u017eupaniji<\/li>\n<li>Veliki odmor \u2013 novosti iz osnovnih i srednjih \u0161kola<\/li>\n<\/ul>\n","protected":false},"excerpt":{"rendered":"<p>Rubrika rezervirana za obrazovne i kulturno-umjetni\u010dke teme. Iz tjedna u tjedan naizmjeni\u010dno donosimo sljede\u0107e emisije: O\u010dima vjere \u2013 nacionalne manjine u primorsko-goranskoj \u017eupaniji Veliki odmor \u2013 novosti iz osnovnih i srednjih \u0161kola<\/p>\n","protected":false},"featured_media":438,"menu_order":0,"comment_status":"closed","ping_status":"closed","template":"","genre":[6],"class_list":["post-93","shows","type-shows","status-publish","has-post-thumbnail","hentry","genre-kulturni_program"],"_links":{"self":[{"href":"https:\/\/www.radio-otok-krk.hr\/wptmp\/wp-json\/wp\/v2\/shows\/93","targetHints":{"allow":["GET"]}}],"collection":[{"href":"https:\/\/www.radio-otok-krk.hr\/wptmp\/wp-json\/wp\/v2\/shows"}],"about":[{"href":"https:\/\/www.radio-otok-krk.hr\/wptmp\/wp-json\/wp\/v2\/types\/shows"}],"replies":[{"embeddable":true,"href":"https:\/\/www.radio-otok-krk.hr\/wptmp\/wp-json\/wp\/v2\/comments?post=93"}],"version-history":[{"count":2,"href":"https:\/\/www.radio-otok-krk.hr\/wptmp\/wp-json\/wp\/v2\/shows\/93\/revisions"}],"predecessor-version":[{"id":260,"href":"https:\/\/www.radio-otok-krk.hr\/wptmp\/wp-json\/wp\/v2\/shows\/93\/revisions\/260"}],"wp:featuredmedia":[{"embeddable":true,"href":"https:\/\/www.radio-otok-krk.hr\/wptmp\/wp-json\/wp\/v2\/media\/438"}],"wp:attachment":[{"href":"https:\/\/www.radio-otok-krk.hr\/wptmp\/wp-json\/wp\/v2\/media?parent=93"}],"wp:term":[{"taxonomy":"genre","embeddable":true,"href":"https:\/\/www.radio-otok-krk.hr\/wptmp\/wp-json\/wp\/v2\/genre?post=93"}],"curies":[{"name":"wp","href":"https:\/\/api.w.org\/{rel}","templated":true}]}}

<p>Rubrika rezervirana za obrazovne i kulturno-umjetničke teme. Iz tjedna u tjedan naizmjenično<br />
donosimo sljedeće emisije:</p>
<ul>
<li>Očima vjere – nacionalne manjine u primorsko-goranskoj županiji</li>
<li>Veliki odmor – novosti iz osnovnih i srednjih škola</li>
</ul>

<p>Rubrika rezervirana za obrazovne i kulturno-umjetničke teme. Iz tjedna u tjedan naizmjenično donosimo sljedeće emisije: Očima vjere – nacionalne manjine u primorsko-goranskoj županiji Veliki odmor – novosti iz osnovnih i srednjih škola</p>
